s digit of h?
1
Let d(x) = -x**3 + x**2 + x. Let r be d(0). Suppose 4*o + k - 5 = o, -o - 5*k - 17 = r. Let m = o + -2. What is the units digit of m?
1
Suppose -2*l = 6 + 4, -405 = -5*o - l. What is the tens digit of o?
8
Let g = 22 - -8. What is the units digit of g?
0
Let k = -72 - -124. What is the tens digit of k?
5
What is the units digit of 308/8*(-1 - 3)/(-2)?
7
Let u(z) = -1. Let o(h) = h + 7. Let i(k) = -o(k) - 3*u(k). Let w be i(-3). What is the units digit of 2/w + 6 + -1?
3
Let h = -36 - -57. What is the tens digit of h?
2
What is the units digit of (96/28)/((-2)/(-14))?
4
Suppose -2*n - 22 = 5*o, n + o = 2*o + 3. Let y(c) = -3*c + 1. Let x be y(n). Suppose 4*i = 3*p + 7, -3*i = -4*i + x*p - 8. What is the units digit of i?
4
Let m = -4 - -2. What is the tens digit of (-2)/m*(5 - -16)?
2
Let v be 2 + -1 + (-7)/(-7). Suppose v*z + 4*f - 12 = 7*f, -5*z + f + 30 = 0. What is the units digit of z?
6
Let n(r) = r**2 - 10*r + 11. Let h be (21/14)/((-1)/(-2)). Suppose 0 = -h*i + 14 + 16. What is the tens digit of n(i)?
1
What is the units digit of 6*1*(4 - 3)?
6
Let q = 86 + 146. What is the tens digit of 8/(-40) - q/(-10)?
2
Let v(f) = 3*f**2 - f - 1. Let p be v(2). Let t(n) = 5 - n + p - 1. What is the units digit of t(9)?
4
Let i(d) be the third derivative of d**4/24 - d**3 - d**2. Let w = 9 - 0. What is the units digit of i(w)?
3
Suppose -4*y - 22 = x - 9, -y = 4*x - 8. Suppose -x*u - s - s + 20 = 0, 5*u - s = 29. Let l = u + 0. What is the units digit of l?
6
Suppose 8*m = 3*m - 35. Let p(x) = -2*x**2 + 5*x + 7. Let f(b) = 3*b**2 - 8*b - 10. Let c(h) = m*p(h) - 5*f(h). What is the units digit of c(4)?
5
Let v = 61 - 11. What is the tens digit of v?
5
Suppose q + 2*q = 18. What is the units digit of (-3)/(q*2/(-16))?
4
Suppose -3*w - 3 = -21. Suppose 0 = 3*x - 0*x. Suppose 3*v - w - 24 = x. What is the tens digit of v?
1
Let q be (-1)/4 - 102/(-24). What is the tens digit of q/6 + (-204)/(-18)?
1
Suppose 0 = -4*l - 2 + 10. Let a(r) = 3*r**3 - 2*r + 3. Let h(u) = -u**3. Let j(v) = a(v) + 2*h(v). What is the units digit of j(l)?
7
Suppose 3*i - 61 = -l + 17, -2*i + 52 = -4*l. What is the units digit of i?
6
Let t = -17 - -51. Let s = 69 - t. What is the tens digit of s?
3
Let v(p) = -9 + 8*p + 10 - 3*p**2 + 4*p**2 + 0*p**2. Let z be (0 - 0) + 2 + -10. What is the units digit of v(z)?
1
Let x(l) = l**2 + 14*l - 32. What is the hundreds digit of x(8)?
1
Suppose -5*l + 30 = -3*l. Suppose -4*u + l = u. Suppose -2*j = u*j - 80. What is the units digit of j?
6
What is the tens digit of (-1210)/(-33) - (-1)/3?
3
Let d(c) = 5*c**2 - c + 2. Let w be d(3). Let m = -31 + w. What is the units digit of m?
3
Let t(f) = -f**3 + 12*f**2 + 11*f - 55. What is the tens digit of t(11)?
8
Let q(f) be the third derivative of -f**8/20160 - f**7/720 - f**5/60 - f**2. Let r(o) be the third derivative of q(o). What is the units digit of r(-6)?
6
Let a be (0 + 21/9)*3. Suppose 39 = 4*o + a. What is the units digit of o?
8
Let t be 2 + 1 + 2*-1. Suppose 4*s + t - 21 = 0. Suppose 9 + s = 2*z. What is the units digit of z?
7
Let w(y) = 8*y + 3. Let d be w(-3). Let h = d + 7. What is the units digit of h/((-4)/2 + 0)?
7
Let y(q) = q**3 + 7*q**2 + 6*q - 7. Let s be y(-6). Let n(o) = -o**2 - 8*o - 4. What is the units digit of n(s)?
3
Suppose 0 = -q + 5*y + 64, -17 + 2 = 5*y. What is the tens digit of q?
4
Suppose 101 = -4*x - 127. Let r = -39 - x. What is the units digit of r?
8
Let c = -7 + 11. Suppose -4*s + 44 = -c. What is the tens digit of s?
1
Let n = 83 + -41. Suppose -5*o = -7*o + n. What is the tens digit of o?
2
Suppose 3*b + 372 = 3*g, -3*g + b + 218 + 162 = 0. What is the units digit of g?
8
Let n(p) be the first derivative of 2 - 3/2*p**2 + 0*p. What is the units digit of n(-2)?
6
Let j be (-3)/2*4/(-6). Let a = 1 + j. What is the units digit of a*((-1)/(-2) - -2)?
5
Suppose 4*x + 5 = 3*m - 10, 4*x = 4*m - 20. Suppose 2*v - m - 15 = 0. What is the tens digit of v?
1
Suppose -2 = -2*k, 3*c = c + 4*k + 94. What is the units digit of c?
9
Let k = -40 - -65. What is the units digit of k?
5
Suppose 0*o - 3*h + 9 = -2*o, -10 = -5*o + h. Suppose -d = 5*q - 27, -5*d - 7*q + 51 = -o*q. What is the units digit of d?
7
Let n = 6 - 3. Let h(v) = -3*v**n - 7 - 2 + 2*v**3 + 6*v**2 + 9*v. What is the units digit of h(7)?
5
Let x = 22 - 19. What is the units digit of x + 0 + 45 + 2?
0
Suppose -4*f + 3*x = 4, -18 = -3*f - 2*x - x. Suppose -5*c = -f*j - 17, 2*c - 14 + 4 = 0. Suppose 5*t = 11 + j. What is the units digit of t?
3
Let i be 4/(-3)*(-6)/2. Let f(w) = -w**3 + 4*w**2 + w. What is the units digit of f(i)?
4
Suppose -d - q = -3 - 6, -3*q = 9. Let y = d - 4. What is the units digit of y?
8
Let w(m) = -2*m**3 - 5*m**2 - m - 6. Let p be -2 + -1*(-7 - -2). Let h(c) = -c**3 - 5*c**2 - 6. Let r(v) = p*h(v) - 2*w(v). What is the units digit of r(5)?
4
Suppose -4 + 31 = -b. What is the units digit of (-2)/(3*6/b)?
3
Let j(b) = 33*b**2. What is the units digit of j(2)?
2
Let g(c) = 87*c**3 - 2*c**2 + c. Let j be g(1). Suppose -3*a - j = -2*f, 5*a + 11 - 28 = -f. What is the units digit of f?
7
Let t(l) = -2*l**3 - 2*l**2 + l. Let p be t(2). Let j = p + 26. What is the units digit of j?
4
Suppose 20 = 5*b, 3*p - 5*b - 32 = -p. Suppose 3*q - p + 39 = 5*i, 5*q = -10. What is the units digit of 10/(-3)*(-6)/i?
5
What is the units digit of 0/(-7) + (1 - -3)?
4
Suppose 5*a + c - 163 = 0, 256 - 84 = 5*a + 4*c. What is the tens digit of a?
3
Suppose 8*f + 25 = 13*f. Suppose z + 25 = u - 4*z, -f*u = -3*z - 147. What is the tens digit of u?
3
Let n(a) = a**2 + 11. What is the tens digit of n(6)?
4
Let z be (3 + -4)/((-1)/3). Suppose -2*d + z*w = -0*d + 13, 4*w - 25 = -5*d. What is the units digit of d?
1
Let d be 3 + -1 + (-12)/(-3). Let v be (-2)/d - (-2)/6. What is the units digit of (1 - v)/((-7)/(-98))?
4
What is the hundreds digit of (1 - 211)/(45/(-60))?
2
Suppose -4*t = -0*t - 52. Let j = 18 - t. Suppose -j*o + 0*o - 3*l + 3 = 0, -3*o + 29 = -5*l. What is the units digit of o?
3
Let w(s) = -28*s + 59. What is the hundreds digit of w(-9)?
3
Suppose 0 = -5*w + 102 + 18. What is the tens digit of w?
2
What is the units digit of (-2 + (-33)/15)/(1/(-15))?
3
Suppose 5*b = 3*x - 139, -4*x + x = 5*b + 151. Let u = -6 - b. What is the units digit of u?
3
Let c = -9 - 6. What is the tens digit of 4/10 - 174/c?
1
Let f = -4 + 20. Suppose -r + 7 = -f. What is the tens digit of r?
2
Let s(y) = -y**2 + 5*y - 3. Suppose 6*q - q = 15. Let v be s(q). What is the units digit of 3*v/3 + 7?
0
Let t(z) = z**2 + z + 16. What is the tens digit of t(0)?
1
Suppose 0 = -4*v + 24 + 40. What is the tens digit of v?
1
Let p be 100/26 + 6/39. What is the units digit of (-4 - p)*(-1 + 0)?
8
Let x = 30 + -14. Let w = 23 - x. Let f = 15 - w. What is the units digit of f?
8
Suppose -2*u - g - g + 20 = 0, 4*g - 16 = -u. What is the units digit of u?
8
Suppose 2*f + 20 = 78. What is the units digit of f?
9
Suppose 0 = 6*i - 4*i + 26. Let w be 0 - 1/1*i. Suppose 6 - w = -v. What is the units digit of v?
7
Let q(u) = u**3 - 2*u**2 - 8*u + 5. What is the units digit of q(5)?
0
Suppose 2*k - 6*k - 3*y = -16, k + 11 = 3*y. Suppose -4*r + 3*i = -1, -5*r = 3*i - 2*i - 25. Suppose -r = -w + k. What is the units digit of w?
5
Let o(c) = -c**2 + 19*c + 11. What is the units digit of o(9)?
1
Suppose -5*x + 0*x = -190. What is the units digit of x?
8
Let o(g) = g**3 - 4*g**2 + 4*g - 2. Let k be o(3). Suppose -4*z = -k - 31. What is the units digit of z?
8
Let j(z) = z**2 + 13*z + 7. Let r be j(-8). Let q = 1 - r. What is the tens digit of q?
3
Suppose 5*t - 12 = 8*t. What is the tens digit of (42/4)/((-3)/t)?
1
What is the units digit of (-1729)/(-195) + 4/30?
9
Suppose -4*m + 464 = 28. What is the hundreds digit of m?
1
Let j be 184/48 - (-1)/6. Suppose 0 = j*t + 40 - 136. What is the units digit of t?
4
Let n = -1 + 2. What is the units digit of (2 - n)/(3/27)?
9
Let m = 165 + -53. What is the units digit of m?
2
Let f(q) = -8*q - 1. Let r(w) = -w + 1 - 1 + 1. Let b(x) = f(x) - 6*r(x). What is the units digit of b(-6)?
5
Let k = -7 - -4. Let o(v) = v**3 - 4*v. Let x be o(k). Let n = -8 - x. What is the units digit of n?
7
Suppose -2*i + 3*i + 7 = 5*t, 5*i = -4*t - 6. What is the units digit of 21/(t + -2 + 2)?
1
Sup